 p. What is the remainder when a is divided by 14?
10
What is the remainder when 408 is divided by 59*(-23)/((-529)/23)?
54
Let y be 11 + (-4)/2 - -2. Suppose -y*x + 9*x + 78 = 0. Suppose 34*s + 115 = x*s. Calculate the remainder when s is divided by 12.
11
Suppose 2*c = -d - 0*d - 27, 4*d = 3*c - 75. Let h = d + 32. Suppose 2*v - h = 17. What is the remainder when 109 is divided by v?
11
What is the remainder when -10394*(-34)/51*(-3)/(-4) is divided by 23?
22
Suppose -3*s = -y - 1300, -4*s - y + 1031 = -700. Suppose -2*z = -4*l - 22, -5*z + 0*l + 33 = l. Calculate the remainder when s is divided by z.
6
Let z be (20/6)/((-1)/6). Suppose -3*m - 121 = -469. Calculate the remainder when m is divided by ((-117)/(-15))/((-4)/z).
38
Let c(z) = 89*z + 628. What is the remainder when 309 is divided by c(-7)?
4
Suppose 0 = -5*y - 14 - 11, 0 = 2*t - 3*y - 7. Suppose -4*s + 5*o + 208 = 0, -2*s = -2*o - 64 - 40. Calculate the remainder when s is divided by 6/t*(-76)/6.
14
Suppose 3*d - 60 = -0*d. Let z = -83 + 90. Suppose -z*k = -22 - 531. What is the remainder when k is divided by d?
19
Suppose -50*i = -52*i + 12. Let t be (-2)/i*1 - 127/(-3). Let v = 56 - t. What is the remainder when 65 is divided by v?
9
Suppose 3*g = -3*t + 4002, -3*g = 133*t - 128*t - 4016. What is the remainder when g is divided by 31?
25
Let i = 8 + 9. Let n = -158 - -160. Suppose 5*d = -n*h + 40, 0*d = -5*h - 5*d + 130. Calculate the remainder when h is divided by i.
13
Let v = -2697 - -6031. What is the remainder when v is divided by 23?
22
Suppose 32*g - 1623 = 2633. What is the remainder when 374 is divided by g?
108
Suppose -2*i + 16 = 2*q, 15 = -5*q + 4*i + 19. Suppose 0 = 3*a - 2*o + 3*o - 96, 3*a - q*o - 81 = 0. What is the remainder when 87 is divided by a?
25
Suppose 0 = 5*w - 42 + 2. Suppose 0 = -12*t - w*t + 260. What is the remainder when 129 is divided by t?
12
Suppose -5*s - 10 + 400 = 0. Let l be 27*(8 + (-2 - 8)). Let m = l + s. Calculate the remainder when 93 is divided by m.
21
Suppose 3*g - 3*t + 60 = -2*g, 3*g + 4*t = -36. Let m = 20 + g. Suppose 0 = -4*r - m, 3*r - 2*r = -2*q + 6. What is the remainder when q is divided by 3?
1
What is the remainder when (-6)/(-9) - (3463/(-3) - -13) is divided by 88?
86
Suppose -1847 = -42*b + 5293. Calculate the remainder when 498 is divided by b.
158
Suppose -49 - 5 = -18*f. What is the remainder when 371 is divided by (-119)/42*f*-4?
31
Let d(j) = 74*j - 1. Let k be d(2). Calculate the remainder when (-1060)/(-14) - (-42)/k is divided by 39.
37
Let o(j) = -j**2 - 14*j - 30. Let w be o(-11). Suppose -w*p + 2*z = -99 - 10, -3*p + 84 = 3*z. Calculate the remainder when p is divided by 14.
5
Suppose -140 = -8*j + 4*j. Suppose -4*d + 44 = -2*c, j = -0*d + 3*d - 2*c. What is the remainder when 9 is divided by 66/d + -2 + (-5)/15?
4
Suppose 3079 = 2*m + 3*t, -6*t = 74 - 44. What is the remainder when m is divided by 172?
171
Let j(o) = -2*o**2 + 25*o + 12. Calculate the remainder when (300*-2)/(-12) + 1*6 is divided by j(11).
11
Suppose -3*d + d - 2*f = -16, -3*d + 4*f + 38 = 0. What is the remainder when 5688 is divided by d?
8
Suppose 2*g - 7*g = -3*q - 617, 2*g - q = 246. What is the remainder when 949 is divided by g?
102
Suppose -2*h + 763 - 787 = 0. Let s(z) = z**3 + 14*z**2 + 8*z - 41. Calculate the remainder when s(h) is divided by 14.
11
Suppose -4*r + 5*p = 7*p, -p + 4 = 4*r. Suppose -37 = -d - 4*v, -r*d + 26 = -0*v - 4*v. Calculate the remainder when 182 is divided by d.
14
Let z be (-15036)/(-105) - 1/5. Let y = 51 - -64. What is the remainder when y is divided by (-18)/(-33) + 1781/z?
11
Suppose -151*g - 741 = -154*g + 3*q, 0 = 5*g + 2*q - 1256. Calculate the remainder when 251 is divided by g.
1
Let w = -167 - 141. Suppose -b + 4*b = 30. Calculate the remainder when 374/14 - 88/w is divided by b.
7
Suppose 0 = -509*d + 522*d - 8385. Calculate the remainder when d is divided by 34.
33
Let o(i) = -3*i**2 - 180*i - 1934. Calculate the remainder when 1257 is divided by o(-15).
74
Let c = 3898 - 3587. What is the remainder when c is divided by 47?
29
Let g = 26 + -23. Let u be ((-104)/3 + g)*18/6. Let l = 109 + u. Calculate the remainder when 67 is divided by l.
11
Suppose -2*x = -6*x + 912. Let t = x - 191. What is the remainder when 295 is divided by t?
36
What is the remainder when -13 + (22080/(-10))/(-8) is divided by 99?
65
Let l = 400 + -134. Suppose 2*r + h - l = 3*h, 2*r = 3*h + 267. Suppose -5*c - 32 + 222 = 4*z, -3*z = 5*c - 185. What is the remainder when r is divided by c?
30
Let k = 179 - -22. Suppose -3*w = -5*p - 147, p + k = 4*w - 4*p. Calculate the remainder when w is divided by 28.
26
Suppose -265 = -6*b + 2*b - 3*d, -3*b + 190 = 4*d. Suppose -6*w - 44 = -10*w. Calculate the remainder when b is divided by w.
4
Let a be (1091 - 53)/(3 - 1). Let z = -509 + a. Calculate the remainder when 46 is divided by z.
6
Let s = 4499 - 1963. Suppose -44*t = -36*t - s. What is the remainder when t is divided by 27?
20
Suppose u - 5 + 4 = 0. Suppose u = d - 6. Suppose -146 = 7*c - 230. Calculate the remainder when c is divided by d.
5
Let y(d) = 3*d**2 - 43*d + 67. Calculate the remainder when y(17) is divided by 70.
63
Let f = 28118 - 26345. What is the remainder when f is divided by 253?
2
Let i(r) = -r**2 - 12*r + 17. Let t be ((-188)/(-12) - 5)*3/(-2). Let s be i(t). Let a = s + 118. Calculate the remainder when a is divided by 9.
8
Suppose -5*w + 1236 = y - 7200, 0 = 3*w - 6. Suppose y = 55*l + 836. Calculate the remainder when l is divided by 3.
0
Suppose -4*p + a + 3*a + 200 = 0, p = -5*a + 32. Let h = 41 - p. Let s(z) = z**2 + 2*z - 11. What is the remainder when 46 is divided by s(h)?
7
Let a = -137 + 182. Let h = -3 + 8. Suppose 0 = -h*i + 29 + 11. Calculate the remainder when a is divided by i.
5
Let v be -6 + -191 + 5 + -3. Let n = v - -212. Calculate the remainder when 61 is divided by n.
10
Suppose -651*o - 4144 = -345*o - 334*o. Let d(j) = 119*j**2 + 1. Let i be d(1). Suppose 0 = -0*z + 4*z - i. What is the remainder when o is divided by z?
28
Suppose -41*u - 1275 = -38*u. Let x = u + 997. Calculate the remainder when x is divided by 41.
39
Suppose 168 = 2*s + 3*d, 0 = 3*s + 5*d + 680 - 930. What is the remainder when 448 is divided by s?
88
Suppose 38*h - 42*h + 28 = 0. Suppose 12*j = h*j + 70. Let b = 0 + 52. Calculate the remainder when b is divided by j.
10
Suppose -2*f = -3*b - 916, -2244 = -5*f + 73*b - 77*b. What is the remainder when 453 is divided by f?
1
Suppose -5*a = 5*u + 65, 3 = -2*a + 3*u - 8. Let g = a + 15. Suppose -4*f + o + 75 - 13 = 0, 38 = 3*f - g*o. What is the remainder when f is divided by 6?
4
Let u = 215 - -47. Let f = -250 + u. What is the remainder when 40 is divided by f?
4
Suppose 3*f + 88 + 511 = 4*l, f - 459 = -3*l. Suppose -163 = -15*a + l. Calculate the remainder when 36 is divided by a.
15
What is the remainder when 342 is divided by (-7)/1 - (44/(-5))/((-8)/(-20))?
12
Let n = 329 + -273. Suppose 0 = 60*q - n*q - 100. Calculate the remainder when (-220 + 1)*(-3)/9 is divided by q.
23
Suppose 102*c = -271*c + 36181. Calculate the remainder when 297 is divided by c.
6
Let s(z) = 3*z**3 - z**2 - 15*z + 25. Suppose 4*c = 5*n + 2, -13*c = 3*n - 8*c - 21. What is the remainder when 417 is divided by s(n)?
12
Suppose -4*s + 11 = -z, 4*z + 2 = -5*s - 0. Suppose -8*q = -i - 11*q + 291, -q = -s*i + 596. What is the remainder when i is divided by 93?
18
Let r be -2 + (-39)/(-1) + -3. Let x be 10/(-25) + r/10. Suppose -4*h = x*h - 791. Calculate the remainder when h is divided by 29.
26
Suppose 3*i - 4*l = 159, -4*i - 5*l = -237 + 25. Let g = i + -47. What is the remainder when 6 is divided by g?
0
Suppose -3*z = -3*b + 36, z - 9*b + 5*b = -27. Calculate the remainder when (6 + (-376)/z)*7 is divided by 7.
5
Let r(q) = -72 + 45 - q + 47. Let j be r(13). Suppose -j*g + 74 = -31. Calculate the remainder when 57 is divided by g.
12
Suppose -5*j = 73 - 13. Let r = j - -30. Let m = r - 4. What is the remainder when 39 is divided by m?
11
Suppose -4*x + 4*u + 584 = 0, -2*x + 158 = -x - 5*u. Suppose -4*a = 11 - x. Calculate the remainder when a is divided by (18/15)/(3/45).
15
Suppose -66489 - 71676 = -169*n - 15133. Calculate the remainder when n is divided by 61.
57
Let r be 12